 = 4*z - 5*z, 3*z - 3*p = 6. Let x(u) = 7*u + 7. Let f(r) = -13*r - 15. Let m(q) = 6*f(q) + 13*x(q). What is m(z)?
27
Let r(l) = -l**2 - 8*l + 14. Let y be r(-10). Let n(b) = -3228*b + b**3 + 9685*b + 2*b**2 - 3228*b + 6*b**2 - 3220*b. Determine n(y).
18
Let n be ((0 - 2)/2)/((-1)/5). Let a = -36 + 61. Let p(i) = 14*i - 2 + 12*i - a*i. Calculate p(n).
3
Let b(l) = -l**2 + 5*l + 5. Let u(x) = x**3 - 7*x**2 - 6*x + 36. Let v be u(6). Let q = 41 + v. Determine b(q).
5
Let i(g) be the first derivative of g**2 - g - 2. Let o = 39754 + -39756. What is i(o)?
-5
Let f(j) = -3*j. Let c(t) = t**2 - 7*t + 16. Let m be c(7). Let l be 9/((-27)/m)*-3. Suppose 0 = 4*g - 5*k - 28, g + l = 3*g - 3*k. Calculate f(g).
-6
Let r be 70/(-105) - 44/(-12). Let t(n) = -n**2 - 2*n + 12. Calculate t(r).
-3
Let x(q) = 2*q**2 + 3 - 6*q + 14*q + 0. Let u(d) = 9*d**2 - 37*d - 107. Let m be u(6). What is x(m)?
13
Let h(i) = 843 + i - 405 - 438 + 11*i**2. Calculate h(-1).
10
Let b(v) = v**3 - 3*v**2 - 9. Let w(t) = -t**3 + 5*t**2 - t + 9. Suppose -13*d - 47 = -21. Let n(u) = d*w(u) - 3*b(u). Give n(0).
9
Let h(u) = -u - 1. Let f(m) = 95*m**3 + m + 1. Let q be f(-1). Let d = 101 + q. Determine h(d).
-7
Let d(h) = -3*h - 47. Let i be -15 + (-8)/6 + 9*72/486. Give d(i).
-2
Let y(m) = 20*m + 5. Let s = 3877 + -3878. Determine y(s).
-15
Let s(r) = -109941 + r - 109941 + 219883. Suppose -5*f = 2*p + 18, -p + 6 - 1 = -f. Let h(m) = -14*m - 8. Let l(g) = p*h(g) + 12*s(g). Calculate l(5).
-6
Suppose -312 = -132*z + 154*z + 128. Let i(d) = 5*d + 88. Determine i(z).
-12
Let d(y) = 0*y - 2*y + 7*y**2 + 14880*y**3 - 13 - 14881*y**3 - 5*y**2 + 19*y. Determine d(6).
-55
Let s be -4 - 140/(-34) - (1 - 150/170). Let d(y) be the second derivative of -y**2 - 1/3*y**3 + 13*y + s. Determine d(3).
-8
Let j(a) = -a**2 - 5*a + 2. Let w be j(-7). Let k(d) = 1441*d + 11. Let h(c) = -1729*c - 12. Let q(m) = 5*h(m) + 6*k(m). What is q(w)?
-6
Let d(s) = 2. Let j(q) = 1317*q - 660*q - 656*q - 27. Let n(a) = -6*d(a) - j(a). Determine n(11).
4
Let f(a) be the third derivative of -a**6/360 + 3*a**5/40 - 7*a**4/12 - 97*a**3/6 + 68*a**2 + a. Let k(n) be the first derivative of f(n). What is k(6)?
4
Let r(z) = 12*z - 24. Let t(p) = -11*p + 9. Let u(g) = 2*r(g) + 3*t(g). Determine u(-9).
60
Suppose -8*w + 2*l - 14 = -12*w, 0 = -4*w - 5*l + 17. Let t(p) = -p**2 - 20*p + 66. What is t(w)?
-3
Let o(v) = 36*v**2 + 3. Let l(d) = -109*d**2 + d - 4. Let j(r) = l(r) + 3*o(r). Let f = 0 + 0. What is j(f)?
5
Let k(g) = 4*g - 51. Let l be k(13). Let q(n) = 8*n + 7*n - 17*n + 3*n - 1. Calculate q(l).
0
Let f(p) = -5 + 9 - 6 - 3*p**3 + 25*p - 21*p. Calculate f(2).
-18
Let q(n) = 7*n + 16. Suppose 0 = -2*p - 5*o - 19, 23*p = 21*p - 3*o - 17. Give q(p).
-33
Let z(b) = 7*b + 179 - 64*b + 335 + 330 - 1031. Give z(-3).
-16
Let s(f) be the first derivative of -3*f**2/2 + 76*f + 7000. What is s(15)?
31
Let r(j) = 277*j**2 + 11*j + 15. Let m(s) = -46*s**2 - s - 2. Let k(f) = 6*m(f) + r(f). What is k(4)?
39
Let o(s) = s**2 - 4*s - 1. Suppose -6*u = -12*u + 24. Let x be (672/(-72))/(u/(-18)). Let f = x + -35. Give o(f).
20
Let o(a) = -14*a**3 - 4*a**2 - 23*a - 5. Let u(f) = -5*f**3 + f**2 - 6*f + 1. Let h(y) = o(y) - 3*u(y). Suppose 5*b + 0 = 40. Determine h(b).
16
Let u(y) = -61*y**3 - 4*y**2 - 3*y - 4. Let g(k) = -4*k**3 + k**2. Let w(d) = 5*g(d) + u(d). Give w(-1).
81
Let r be (1/3)/(-7 + 64/9). Suppose 5*m + 4*y - 32 = 0, -5*y + 0 = -r*m - 3. Let x(j) = 0*j + 5 + 1 - 2*j. Calculate x(m).
-2
Let o(m) = -m**2 + 2*m - 4. Let s be (-10)/35 - 395/(-35). Suppose 35*y - 120 = s*y. Calculate o(y).
-19
Let z = -980 - -974. Let b(n) = 5*n**2 - 3 + 6*n**3 - n**2 - 9*n - 4*n**3 - n**3. What is b(z)?
-21
Let s(z) = -2*z**2 + 8*z + 2. Suppose -27 + 77 = 5*i. Suppose i*v = 9*v + 6. Determine s(v).
-22
Let k(o) = 7*o + 47. Suppose -2496 = -68*u + 260*u. Determine k(u).
-44
Let l(b) = -b + 1. Let y(h) = 5*h + 2. Let t(m) = 4*l(m) + y(m). Let g be ((-70)/(-182))/(6/78). Calculate t(g).
11
Let j(g) = -3*g - 3. Suppose -1499 = -10*w + 651. Suppose -5*m + 195 - w = 0. Calculate j(m).
9
Let g = 759 + -505. Let n = g - 248. Let b(l) = -l + 7. Give b(n).
1
Let v(o) = -o**2 + 8*o - 20. Suppose -6 + 6 = -2*u + 12. Determine v(u).
-8
Let i be (1/(-3))/(159/(-477)). Let j(l) = 14*l**2 + 2*l - 3. Let f(b) = 14*b**2 + b - 2. Let z(a) = 4*f(a) - 3*j(a). What is z(i)?
13
Suppose -3264*d + 180 = -3303*d - 171. Let r(c) be the third derivative of -c**4/24 + c**3/3 - c**2. Determine r(d).
11
Let l(a) = -84*a**2 + 759*a - 23. Let f be l(9). Let h(k) be the third derivative of 4/3*k**3 + 1/24*k**f + 23*k**2 + 0 + 0*k. Give h(-6).
2
Let a(v) be the third derivative of -v**4 - 59*v**3/6 + 2882*v**2. Calculate a(-2).
-11
Let y(o) = -o**2 - 5*o + 4. Suppose -3*n + 0*n = -3*g + 138, -4*g = -20. Let r = n + 43. Suppose r*x - 6 = 3*x. Determine y(x).
-2
Let l(q) be the second derivative of -q**4/6 - 7*q**3/6 + 10*q**2 - 1068*q + 1. Calculate l(-8).
-52
Let s(i) = -i - 3. Let m be s(-8). Suppose -a + 12 = 2*c - 8, 2*c + 100 = m*a. Let j(y) = -3 - 10*y - 11*y + a*y. What is j(4)?
-7
Suppose -26 = -2*l - 8. Let w(j) be the second derivative of 13*j**3/6 + j**2/2 + 1193*j. Let h(c) = -3*c. Let p(t) = l*h(t) + 2*w(t). Determine p(6).
-4
Let v(i) = -24*i + 288. Let g be v(11). Let n(l) = -l**3 + 23*l**2 + 21*l + 74. Calculate n(g).
2
Let z(t) = -t**3 + 5*t**2 - 18*t + 35. Suppose 3*u + 2*u - 6 = 3*u. Give z(u).
-1
Let f(n) be the first derivative of -n**2 - 2*n + 1. Let p = -8 - -31. Let s = 25 - p. Calculate f(s).
-6
Let p(v) be the second derivative of -7*v**3/3 - 101*v**2 + 2*v + 1491. Calculate p(-15).
8
Let p(b) be the second derivative of -b**3/3 + 62*b**2 + 4412*b. What is p(0)?
124
Suppose -268 = -10*f - 288. Let m(r) = -18*r + 8. Determine m(f).
44
Let q(p) be the third derivative of -p**8/20160 + p**7/1260 + p**6/144 - 14*p**5/15 + 65*p**2. Let l(i) be the third derivative of q(i). What is l(4)?
5
Let a(y) = -y**2 - 36*y - 176. Let d be a(-30). Let c(h) = -h**3 + 2 + 7*h**3 + 6*h**2 + d*h**3 - h - 9*h**3. What is c(-6)?
8
Suppose -10 = 2*g, 58*g = 9*s + 63*g - 47. Let i(t) = -7*t**2 + 2*t - 9. Let d(a) = 6*a**2 - 3*a + 8. Let x(l) = -6*d(l) - 5*i(l). Give x(s).
-3
Let w(r) = -r**3 - 6*r**2 - 3*r + 3. Let v(g) be the first derivative of -g**3/3 + 29*g**2/2 - 3*g - 9. Let j be v(29). Determine w(j).
-15
Suppose -304 - 1120 = -16*y. Suppose -y = -29*p + 230. Let x(c) = c**2 - 7*c - 13. Give x(p).
31
Let n(u) = -2*u**2 + u + 3. Let h(i) = 13*i**2 - 13*i - 13. Suppose -4 = -11*v + 15*v + 2*q, 3*q + 4 = -4*v. Let d(s) = v*h(s) - 6*n(s). Determine d(5).
5
Let z(j) be the third derivative of j**2 + 3/2*j**3 - 28*j + 1/24*j**4 - 1/60*j**5 + 0. Determine z(0).
9
Suppose 5*d - 20 = -4*y, -2*d = -0*y - 4*y - 8. Let b be (-11)/(11/d) + 7. Let p(m) = 2*m**2 - 4*m + 1. Determine p(b).
7
Suppose 25 = 3*f - 2*d - 9, f - d = 11. Let c(g) = -2*g**2 + 26*g - 11. Let s be c(f). Let x(t) = 2*t - 21. Determine x(s).
5
Suppose -4*x - 21 = 3*w, -2*x + w - 9 = 2*x. Let n be (-90)/(-35) + x/(-7). Let m(j) = -5*j + 3*j**n - 2*j**3 + 6*j**2 - 5*j**2 - 3 + 0*j**2. Determine m(-3).
-6
Let g(y) = -y - 12*y - 18 + 1. Let m(i) = -6*i - 7. Let p(j) = 4*g(j) - 9*m(j). Let o(w) = -w + 4. Let k be o(-3). Give p(k).
9
Suppose -5*u - f - 7 = 0, 6*f = 2*u + 3*f - 4. Let q(a) = a**3 - a**2 - 8*a + 9. Let i be q(3). Let l(s) = -s**2 - i*s**2 + 53 - 54. Calculate l(u).
-5
Let p(a) = 13*a + 28. Let u(w) = 12*w + 24. Let g(k) = -6*p(k) + 7*u(k). Calculate g(-1).
-6
Let q(r) = 27*r - 3565. Let a be q(132). Let m(d) = 12*d + 16. Calculate m(a).
4
Let d(u) = -u**3 + u. Let t be d(1). Let j be 2 - (1 - t)*-13. Let i(s) = j*s - 10*s - 4*s - 7. Determine i(6).
-1
Let w(j) = 3*j**2 - 2. Let f(u) = -2*u**2 + 3404*u - 2 - 3397*u - 1. Let d be f(2). Determine w(d).
25
Let b(v) = 23*v**2 + 13*v**2 - 15 + 20*v**2 + 12*v - 57*v**2. Give b(12).
-15
Let l(s) be the first derivative of 2*s**3 + 17*s**2 + 11*s - 2596. What is l(-5)?
-9
Let c(f) be the third derivative of f**6/120 - 7*f**5/60 - 3*f**4/8 + 108767*f**2. Let t = -16 + 24. What is c(t)?
-8
Suppose -4*o + 5*m - 30 = 0, 2*o + 6937*m - 6939*m + 12 = 0. Let p(r) = 0*r - 3*r - 10 + 4*r. What is p(o)?
-10
Suppose 54*v = 58*v + 40. Let q be (78/18 - 4) + v/(-6). Let h(l) 